{"id":389,"date":"2014-01-03T10:53:05","date_gmt":"2014-01-03T08:53:05","guid":{"rendered":"http:\/\/www.nuvf.de\/wordpress\/?page_id=389"},"modified":"2020-05-19T17:16:50","modified_gmt":"2020-05-19T15:16:50","slug":"10-jahre-photovoltaikanlage","status":"publish","type":"page","link":"http:\/\/www.nuvf.de\/wordpress\/?page_id=389","title":{"rendered":"2003 Photovoltaikanlage"},"content":{"rendered":"<p>Views: 439<\/p>\n<h2 class=\"wp-block-heading\">10 Jahre Photovoltaikanlage<\/h2>\n\n\n\n<p class=\"has-medium-font-size\"><strong>Was,&nbsp; zehn Jahre schon??<\/strong><\/p>\n\n\n\n<p>Richtig:&nbsp; Genau am 24. November 2003 ging unsere Photovoltaikanlage auf dem Dach des Schulhauses in Efringen-Kirchen (Fachr\u00e4ume, Bau IV) ans Netz. <\/p>\n\n\n\n<p>Die 9,2 kW-Anlage kostete damals netto rd. 44.000 Euro und wurde weitgehend \u00fcber das damalige 100.000-D\u00e4cher-Programm der KfW finanziert.&nbsp; Dieses Darlehen mit einer Laufzeit von 10 Jahren ist nun zur\u00fcckbezahlt und die Pionierarbeit des Vereins zahlt sich jetzt aus.<\/p>\n\n\n\n<p>Derartige Anlagen waren&nbsp;damals erst im Kommen. Wie sagte unser 2. Vorstand und Initiator Siegfried Kurz bei der Einweihung am 12.12.2003: \u201eWir hoffen, dass wir andere damit ermutigen k\u00f6nnen, das Dach zu vervollst\u00e4ndigen\u201c.<\/p>\n\n\n\n<figure class=\"wp-block-image\"><img loading=\"lazy\" decoding=\"async\" width=\"609\" height=\"454\" src=\"http:\/\/www.nuvf.de\/wordpress\/wp-content\/uploads\/2014\/01\/PV-Anlage.jpg\" alt=\"Natur- und Vogelfreunde nuvf\" class=\"wp-image-392\" srcset=\"http:\/\/www.nuvf.de\/wordpress\/wp-content\/uploads\/2014\/01\/PV-Anlage.jpg 609w, http:\/\/www.nuvf.de\/wordpress\/wp-content\/uploads\/2014\/01\/PV-Anlage-300x223.jpg 300w\" sizes=\"auto, (max-width: 609px) 100vw, 609px\" \/><figcaption>Ein Blick aus der Vogelperspektive zeigt, was seit dem Anlagenbau des Vereins (siehe Pfeil) geschehen ist: Nicht nur das Dach von Bau IV ist voll belegt, auch weite Teile der \u00fcbrigen Schulhausdachlandschaft, die D\u00e4cher des Feuerwehrhauses und des Rathauses (noch nicht auf dem Bild) zieren PV-Anlagen.<\/figcaption><\/figure>\n\n\n\n<p>In den zehn Jahren wurden rd. 76.000 kWh umweltfreundlicher Energie produziert. Unsere Luft konnte damit um ca. 72 Tonnen des Treibhausgases CO<sub>2<\/sub> entlastet werden \u2013 immerhin! <\/p>\n","protected":false},"excerpt":{"rendered":"<p>Views: 439 10 Jahre Photovoltaikanlage Was,&nbsp; zehn Jahre schon?? Richtig:&nbsp; Genau am 24. November 2003 ging unsere Photovoltaikanlage auf dem Dach des Schulhauses in Efringen-Kirchen (Fachr\u00e4ume, Bau IV) ans Netz. Die 9,2 kW-Anlage kostete damals netto rd. 44.000 Euro und wurde weitgehend \u00fcber das damalige 100.000-D\u00e4cher-Programm der KfW finanziert.&nbsp; Dieses Darlehen mit einer Laufzeit von &hellip; <a href=\"http:\/\/www.nuvf.de\/wordpress\/?page_id=389\" class=\"more-link\"><span class=\"screen-reader-text\">2003 Photovoltaikanlage<\/span> weiterlesen <span class=\"meta-nav\">&rarr;<\/span><\/a><\/p>\n","protected":false},"author":3,"featured_media":0,"parent":51,"menu_order":180,"comment_status":"closed","ping_status":"closed","template":"","meta":{"footnotes":""},"class_list":["post-389","page","type-page","status-publish","hentry"],"_links":{"self":[{"href":"http:\/\/www.nuvf.de\/wordpress\/index.php?rest_route=\/wp\/v2\/pages\/389","targetHints":{"allow":["GET"]}}],"collection":[{"href":"http:\/\/www.nuvf.de\/wordpress\/index.php?rest_route=\/wp\/v2\/pages"}],"about":[{"href":"http:\/\/www.nuvf.de\/wordpress\/index.php?rest_route=\/wp\/v2\/types\/page"}],"author":[{"embeddable":true,"href":"http:\/\/www.nuvf.de\/wordpress\/index.php?rest_route=\/wp\/v2\/users\/3"}],"replies":[{"embeddable":true,"href":"http:\/\/www.nuvf.de\/wordpress\/index.php?rest_route=%2Fwp%2Fv2%2Fcomments&post=389"}],"version-history":[{"count":19,"href":"http:\/\/www.nuvf.de\/wordpress\/index.php?rest_route=\/wp\/v2\/pages\/389\/revisions"}],"predecessor-version":[{"id":5650,"href":"http:\/\/www.nuvf.de\/wordpress\/index.php?rest_route=\/wp\/v2\/pages\/389\/revisions\/5650"}],"up":[{"embeddable":true,"href":"http:\/\/www.nuvf.de\/wordpress\/index.php?rest_route=\/wp\/v2\/pages\/51"}],"wp:attachment":[{"href":"http:\/\/www.nuvf.de\/wordpress\/index.php?rest_route=%2Fwp%2Fv2%2Fmedia&parent=389"}],"curies":[{"name":"wp","href":"https:\/\/api.w.org\/{rel}","templated":true}]}}