{"id":4589,"date":"2018-06-12T18:36:24","date_gmt":"2018-06-12T16:36:24","guid":{"rendered":"http:\/\/www.nuvf.de\/wordpress\/?page_id=4589"},"modified":"2023-07-20T16:56:19","modified_gmt":"2023-07-20T14:56:19","slug":"2018-gengenbach","status":"publish","type":"page","link":"http:\/\/www.nuvf.de\/wordpress\/?page_id=4589","title":{"rendered":"Ausfl\u00fcge"},"content":{"rendered":"<p>Views: 595<\/p>\n<h2 class=\"wp-block-heading\">2023 zum Hinterzartener Moor und Titisee<\/h2>\n\n\n\n<p>Am 15.7.23 fand der j\u00e4hrliche Vereinsausflug der Natur- und Vogelfreunde statt. Highlight war eine F\u00fchrung durch das Hinterzartener Moor, das gr\u00f6\u00dfte Moor des S\u00fcdschwarzwalds. <\/p>\n\n\n\n<p>Nach einer z\u00fcnftigen St\u00e4rkung am Ankunftsort f\u00fchrten uns der Diplom-Biologe Heinz-Michael Peter und seine Frau in zwei Gruppen durch das Moor und erkl\u00e4rten kompetent die Entwicklung, \u00d6kologie und Besonderheiten des Hinterzartener Moors. <\/p>\n\n\n\n<p>Das Hinterzartener Moor ist ein Relikt der letzten Eiszeit und beherbergt seltene Pflanzen und Tiere, die eng an diesen Biotop-Typ gebunden sind wie z.B. den Hochmoor-Perlmuttfalter und den Rundbl\u00e4ttrigen Sonnentau.<\/p>\n\n\n\n<p>Nach der interessanten F\u00fchrung stand allen Teilnehmern ein freier Nachmittag in Titisee zur Verf\u00fcgung, der bei hei\u00dfem Wetter f\u00fcr kaltes Bier, Eiskaffee, zu Bootsfahrten oder zum Schwimmen genutzt wurde. Nach der R\u00fcckkehr wurde der Abend in der Gastst\u00e4tte \u201eIm H\u00f6lzele\u201c ausklingen gelassen.<\/p>\n\n\n\n<figure class=\"wp-block-image size-large\"><a href=\"http:\/\/www.nuvf.de\/wordpress\/wp-content\/uploads\/2023\/07\/IMG-20230715-WA0013.jpg\"><img decoding=\"async\" src=\"http:\/\/www.nuvf.de\/wordpress\/wp-content\/uploads\/2023\/07\/IMG-20230715-WA0013-1024x1024.jpg\" alt=\"\" class=\"wp-image-8195\"\/><\/a><figcaption class=\"wp-element-caption\">Vesperpause, der beliebteste Teil unserer Ausfl\u00fcge<\/figcaption><\/figure>\n\n\n\n<figure class=\"wp-block-image size-large\"><a href=\"http:\/\/www.nuvf.de\/wordpress\/wp-content\/uploads\/2023\/07\/20230715_114637-scaled.jpg\"><img decoding=\"async\" src=\"http:\/\/www.nuvf.de\/wordpress\/wp-content\/uploads\/2023\/07\/20230715_114637-768x1024.jpg\" alt=\"\" class=\"wp-image-8192\"\/><\/a><figcaption class=\"wp-element-caption\">F\u00fchrung auf dem Moor \u00a9 nuv<\/figcaption><\/figure>\n\n\n\n<figure class=\"wp-block-image size-large\"><a href=\"http:\/\/www.nuvf.de\/wordpress\/wp-content\/uploads\/2023\/07\/IMG-20230715-WA0015.jpg\"><img decoding=\"async\" src=\"http:\/\/www.nuvf.de\/wordpress\/wp-content\/uploads\/2023\/07\/IMG-20230715-WA0015-1024x1024.jpg\" alt=\"\" class=\"wp-image-8196\"\/><\/a><figcaption class=\"wp-element-caption\"> \u00a9 B. Wiesler<\/figcaption><\/figure>\n\n\n\n<figure class=\"wp-block-image size-large\"><a href=\"http:\/\/www.nuvf.de\/wordpress\/wp-content\/uploads\/2023\/07\/2023_07_15_8_Ausflug_23.jpg\"><img decoding=\"async\" src=\"http:\/\/www.nuvf.de\/wordpress\/wp-content\/uploads\/2023\/07\/2023_07_15_8_Ausflug_23-1024x684.jpg\" alt=\"\" class=\"wp-image-8183\"\/><\/a><figcaption class=\"wp-element-caption\"> Die fr\u00f6hliche Truppe \u00a9 A. Hakala <\/figcaption><\/figure>\n\n\n\n<figure class=\"wp-block-image size-large\"><a href=\"http:\/\/www.nuvf.de\/wordpress\/wp-content\/uploads\/2023\/07\/2023_07_15_14_Ausflug_23.jpg\"><img decoding=\"async\" src=\"http:\/\/www.nuvf.de\/wordpress\/wp-content\/uploads\/2023\/07\/2023_07_15_14_Ausflug_23-684x1024.jpg\" alt=\"\" class=\"wp-image-8182\"\/><\/a><figcaption class=\"wp-element-caption\">  eine fleischfressende Pflanze \u00a9 A. Hakala<\/figcaption><\/figure>\n\n\n\n<figure class=\"wp-block-image size-large\"><a href=\"http:\/\/www.nuvf.de\/wordpress\/wp-content\/uploads\/2023\/07\/IMG-20230715-WA0010.jpg\"><img decoding=\"async\" src=\"http:\/\/www.nuvf.de\/wordpress\/wp-content\/uploads\/2023\/07\/IMG-20230715-WA0010-1024x768.jpg\" alt=\"\" class=\"wp-image-8194\"\/><\/a><figcaption class=\"wp-element-caption\">Entspannen am Titisee \u00a9 B. Wiesler<\/figcaption><\/figure>\n","protected":false},"excerpt":{"rendered":"<p>Views: 595 2023 zum Hinterzartener Moor und Titisee Am 15.7.23 fand der j\u00e4hrliche Vereinsausflug der Natur- und Vogelfreunde statt. Highlight war eine F\u00fchrung durch das Hinterzartener Moor, das gr\u00f6\u00dfte Moor des S\u00fcdschwarzwalds. Nach einer z\u00fcnftigen St\u00e4rkung am Ankunftsort f\u00fchrten uns der Diplom-Biologe Heinz-Michael Peter und seine Frau in zwei Gruppen durch das Moor und erkl\u00e4rten &hellip; <a href=\"http:\/\/www.nuvf.de\/wordpress\/?page_id=4589\" class=\"more-link\"><span class=\"screen-reader-text\">Ausfl\u00fcge<\/span> weiterlesen <span class=\"meta-nav\">&rarr;<\/span><\/a><\/p>\n","protected":false},"author":4,"featured_media":0,"parent":5567,"menu_order":280,"comment_status":"closed","ping_status":"closed","template":"","meta":{"footnotes":""},"class_list":["post-4589","page","type-page","status-publish","hentry"],"_links":{"self":[{"href":"http:\/\/www.nuvf.de\/wordpress\/index.php?rest_route=\/wp\/v2\/pages\/4589","targetHints":{"allow":["GET"]}}],"collection":[{"href":"http:\/\/www.nuvf.de\/wordpress\/index.php?rest_route=\/wp\/v2\/pages"}],"about":[{"href":"http:\/\/www.nuvf.de\/wordpress\/index.php?rest_route=\/wp\/v2\/types\/page"}],"author":[{"embeddable":true,"href":"http:\/\/www.nuvf.de\/wordpress\/index.php?rest_route=\/wp\/v2\/users\/4"}],"replies":[{"embeddable":true,"href":"http:\/\/www.nuvf.de\/wordpress\/index.php?rest_route=%2Fwp%2Fv2%2Fcomments&post=4589"}],"version-history":[{"count":18,"href":"http:\/\/www.nuvf.de\/wordpress\/index.php?rest_route=\/wp\/v2\/pages\/4589\/revisions"}],"predecessor-version":[{"id":8219,"href":"http:\/\/www.nuvf.de\/wordpress\/index.php?rest_route=\/wp\/v2\/pages\/4589\/revisions\/8219"}],"up":[{"embeddable":true,"href":"http:\/\/www.nuvf.de\/wordpress\/index.php?rest_route=\/wp\/v2\/pages\/5567"}],"wp:attachment":[{"href":"http:\/\/www.nuvf.de\/wordpress\/index.php?rest_route=%2Fwp%2Fv2%2Fmedia&parent=4589"}],"curies":[{"name":"wp","href":"https:\/\/api.w.org\/{rel}","templated":true}]}}